9. List the prime factors of r(11).
2, 293
List the prime factors of ((-32858)/7)/(-1) + 10.
2, 3, 7
Let x be ((-18)/(-54))/((-2)/(-6)). List the prime factors of (x/(-1))/1 - -2 - -47.
2, 3
Suppose h - 6 = 5*j + 12, 0 = j - 4*h - 4. Let p(i) be the first derivative of i**3/3 - i**2/2 - 2*i + 1. List the prime factors of p(j).
2, 3
Let f(o) = 14*o**2 + 39*o + 157. List the prime factors of f(-12).
5, 11, 31
Suppose 3*i = -i - 8. List the prime factors of (-1786)/(-235)*((-7)/i + -1).
19
Let x(d) = -6*d**3 - 3*d**2 - 15*d - 5. List the prime factors of x(-5).
5, 149
Let n be (-1)/(-3)*(6 + -3). What are the prime factors of 4746/105 - n/5?
3, 5
Let p = 4622 + -3000. What are the prime factors of p?
2, 811
Suppose 35 = 5*p - o, -2*o + 1 = -p - 1. Let m = 12 - p. Suppose -h - h + m = 0. List the prime factors of h.
2
Let w be 8/(-28) + (-107)/(-7). List the prime factors of (-95)/(-15) + 10/w.
7
Let z be (-15)/(-6)*(-32)/(-20). Suppose -5*s - 78 = -z*f, 2*s + 37 = 2*f - 1. What are the prime factors of f?
17
List the prime factors of 1 - 1350/(-9 - -6).
11, 41
Suppose -167 = 5*i + 338. What are the prime factors of 13 - 16 - (1 + i)?
97
Let y(q) = 5*q**2 + 33*q + 24 - 70*q + 42*q. List the prime factors of y(6).
2, 3, 13
Suppose -2*a + 11 = 5. Suppose a*j = -1 + 7. Suppose 4*t - 53 = -j*z + 11, 2*z + 62 = 5*t. What are the prime factors of t?
2, 7
Let f(o) = -9*o - 1. Let y be f(-2). Let m = -12 + y. Suppose 5*x - 179 = -4*b, 0*x + x = -m*b + 40. What are the prime factors of x?
5, 7
Let a(g) = -3*g - 12. Let p(o) = 2*o + 6. Let r(q) = 3*a(q) + 5*p(q). What are the prime factors of r(11)?
5
Let c(k) be the first derivative of k**4/4 - 2*k**3/3 - k**2/2 - 4*k - 1. Let x be c(3). Suppose -l + x*l - 35 = 0. What are the prime factors of l?
5, 7
Let y = 3211 - 1661. What are the prime factors of y?
2, 5, 31
Let q = 90 - 88. Suppose -15 + 43 = q*y. What are the prime factors of y?
2, 7
Suppose -37*b - 15*b = -43888. What are the prime factors of b?
2, 211
What are the prime factors of -2*(-6642)/30 + (-8)/10?
2, 13, 17
Suppose -f + q - 2*q = 97, 5*f - 2*q = -471. Let p = 279 + f. List the prime factors of p.
2, 23
Let k = -2522 - -3071. List the prime factors of k.
3, 61
Suppose -125 = -2*f - 3*y, 6*f - 238 = 2*f - 2*y. Let l = f - 7. List the prime factors of l.
3, 17
Let x(q) = -q + 16. Let j be x(6). Suppose -4*i - 20 = -n, 2*i = -n + j + 16. What are the prime factors of n?
2, 3
Let y(s) = 6*s + 4. Let w(p) = -p**2 + 9. Let l be w(4). Let g(v) = -11*v - 8. Let n(q) = l*y(q) - 3*g(q). List the prime factors of n(-4).
2
What are the prime factors of ((-57)/3)/(4 - 436/108)?
3, 19
Let z = 29 + -15. Suppose 3 = -i + z. Suppose -5*k - i = -36. What are the prime factors of k?
5
Suppose 0*m = 10*m - 130. Suppose -h = k - m, 0 = 2*k - 3*h - 20 - 11. What are the prime factors of k?
2, 7
Let n(m) = 459*m + 339. List the prime factors of n(13).
2, 3, 1051
Let r = -608 + 1348. List the prime factors of r.
2, 5, 37
Let z(g) = g**2 + 23*g - 42. Suppose -4*s - 118 = v, -4*s + 6*v - 112 = 10*v. List the prime factors of z(s).
2, 3, 7
Let b(n) = -n**2 + 43. Let r be b(0). Suppose 3*h = m + h - r, m - 31 = -4*h. What are the prime factors of m?
3, 13
Let c(l) = 5*l - 6 - l**2 + l + l. Let k be c(5). Suppose -j = 2*d - 46, -6*d + k*d = -4*j + 174. List the prime factors of j.
2, 11
Let v(b) be the second derivative of 2*b + 16*b**2 + 0 + 1/6*b**3. List the prime factors of v(0).
2
Let d = -1081 - -1759. List the prime factors of d.
2, 3, 113
Suppose y - 3*p - 293 = 0, 5*p - 955 = 5*y - 2460. List the prime factors of y.
5, 61
Let v(l) = -2*l - 21. Let g be v(-12). Suppose 3*c + g*d = d + 272, -5*d = c - 82. What are the prime factors of c?
2, 23
Let v = 0 - 6. What are the prime factors of v/18 + (-408)/(-9)?
3, 5
Suppose -3*r + 5*i = 207 - 949, 0 = -4*r + 5*i + 991. What are the prime factors of r?
3, 83
What are the prime factors of (-2)/22 + 796263/429?
2, 29
Suppose -25 = -3*l - 1. Let p(s) = s**2 + 2*s + 2. List the prime factors of p(l).
2, 41
What are the prime factors of (-2157)/(-3) + -6 + -5?
2, 3, 59
Suppose -14*r + 9*r + 8310 = 0. What are the prime factors of r?
2, 3, 277
Let b be ((27/6)/9)/((-2)/(-20)). Suppose -85 = -b*t + 75. List the prime factors of t.
2
Suppose 3*a + 147 = -4*b + 7*b, 102 = 2*b - 4*a. Let v = b - -22. List the prime factors of v.
3, 23
Let j(m) = m**3 + 9*m**2 - m - 13. Let f be j(-7). Suppose -2*r - 5*l - f = -4*r, -3*r = 3*l - 117. List the prime factors of r.
41
Let f(o) = -209*o**3 - 3*o**2 - 5*o - 1. List the prime factors of f(-1).
2, 3, 5, 7
Let t = 21 - 13. Suppose 0 = -5*c - 42 - t. What are the prime factors of (30 - -1)/(11 + c)?
31
Let q(v) = -3*v - 8. Let c be q(-4). Suppose 1423 + 353 = c*o. What are the prime factors of 48/80 - o/(-10)?
3, 5
Suppose -c - 4*l + 1286 = -1539, -2829 = -c - 2*l. List the prime factors of c.
2833
Let o(z) = 78*z + 137. List the prime factors of o(20).
1697
Let u(a) = -a**3 - 2*a**2 + 6*a + 3. Let m be u(-4). Let n = 40 + -39. Let z = n + m. What are the prime factors of z?
2, 3
Suppose 4*q + x = 13, 2*q + 4*x = 21 + 3. Suppose 136 = 4*j + 4*o, 4*j = q*j + 2*o + 76. What are the prime factors of j?
2, 3
Suppose -4*a + 66 = -a. Suppose -4*y + a = -54. List the prime factors of y.
19
Let p(n) = -2*n + 6*n - 2 + 4*n - n**3 + 7*n**2. Let k be p(8). Let w(h) = -3*h**3 - h**2 + h - 2. What are the prime factors of w(k)?
2
Suppose 4*m - 3*u = 4 + 3, m - 1 = u. Let l = 6 - m. Suppose -t - 187 = -l*i - 2*i, 0 = 5*i + t - 227. What are the prime factors of i?
2, 23
Suppose -2 = -13*o + 37. List the prime factors of o.
3
Suppose 32 = 2*i - 2*y, 0 = -3*i - y + 34 - 2. Let j = i + -8. Suppose -45 = -q - j*q. List the prime factors of q.
3
Let n be -2*1/(3 - 4). Suppose -3 + 1 = 2*z, r + 2 = -n*z. Suppose -d - c = -10, 4*c = -r*d - 2*d + 14. List the prime factors of d.
13
Suppose 219*p - 224*p + 4012 = 2*v, 3*p = -4*v + 8024. What are the prime factors of v?
2, 17, 59
Let r = 21 - 15. Let k(q) = 6*q + 9. List the prime factors of k(r).
3, 5
Let h = -8 - -12. Let f(o) = o**3 - 10*o**2 + 12*o + 6. Let u be f(8). What are the prime factors of (u/h)/((-1)/2)?
13
Let l = 81 + -116. Suppose -64 = 3*a - 4*a. Let k = l + a. What are the prime factors of k?
29
Let v = 183 + -123. What are the prime factors of (54/10 - -3)/(9/v)?
2, 7
Suppose 0 = -4*m + 60*m - 1064. List the prime factors of m.
19
Let r(j) = j**2 + 5*j - 15. Let m be r(-7). Let l(y) be the second derivative of y**4/4 + y**3/6 + y. List the prime factors of l(m).
2
Suppose 0*z + 8 = 2*z. Suppose z + 2 = 3*n, -n + 2 = m. Suppose -13*w + 17*w - 144 = m. List the prime factors of w.
2, 3
Let k be (25/(-5))/(-5) + -60. Let z = k + 92. What are the prime factors of z?
3, 11
Let t(s) = -24*s. Let c(i) = 913*i. Let a(l) = 6*c(l) + 231*t(l). What are the prime factors of a(-3)?
2, 3, 11
Suppose x + 5*m = -4*x - 10, x = 5*m + 4. Let u be (-4)/(-1 + -1 - x). Suppose -h = u*h - 10. List the prime factors of h.
2
Let s = 6 + 36. Let y = s - 25. Suppose -y = -4*u + 15. List the prime factors of u.
2
Let k be -163*1/(-15) - 20/(-150). Let w(c) = c**2 - 9*c + 22. List the prime factors of w(k).
2, 11
Let a(g) = 3*g**3 + 47*g**2 + 19. List the prime factors of a(-14).
3, 37
Suppose 3*y + 2*k = 3, -4*y = -2*y + 2*k - 4. Let s be (312/(y + -3))/(-1). Suppose 3*t - s = -0*t. List the prime factors of t.
2, 13
Let w be 28/(-16) + 2 + (-11)/(-4). What are the prime factors of (-29 - w)*-5 + 0?
2, 5
Let t = 151 + 72. List the prime factors of t.
223
Suppose -8*p + 860 = -3956. What are the prime factors of p?
2, 7, 43
Suppose 2*t + 5100 = 5*l + 6*t, 2*l - 2068 = 4*t. What are the prime factors of l?
2
Let w(y) = -y**2 + 9*y. Let d be w(9). Let s = 2 + d. List the prime factors of s.
2
Suppose -3*k - 16 = -2*a - 1, a = -5*k - 12. Suppose -a*l - 419 = -2*c, -2*c = -0*l - 5*l - 421. List the prime factors of c.
2, 13
Suppose 3*y - 3*c - 2267 = y, 5 = 5*c. What are the prime factors of y?
5, 227
Suppose -4*j = -2*o - 16, 2*j - 20 = 5*o - 3*j. Let q = 140 - 136. Suppose o = q*p + 19 - 3, -5*t - 5*p = -45. List the prime factors of t.
13
Let o(j) = -12*j + 30. Let t(g) = 24*g**3 + 4*g**2 + 2*g. Let s be t(-1). What are the prime factors of o(s)?
2, 3, 7
Let g(x) = 